the remainder when c is divided by 10?
7
Suppose -3*o - 4*x + 93 = -4*o, -3*x - 131 = 2*o. Let j = -48 - o. Calculate the remainder when 95 is divided by j.
20
Calculate the remainder when 3/(-7) - (-1005628)/1162 is divided by 233.
166
Let i be (-4)/((-265)/(-270) + -1) - -2. Let w = -78 + i. Calculate the remainder when w is divided by 26.
10
Suppose 4*a - 817 = -4*b + 1183, 3*b - 2506 = -5*a. Suppose 0 = 4*u - 16, 2*r - 1 = -2*u + 51. Calculate the remainder when a is divided by r.
19
Let b = 243 + -243. Suppose b = -5*o + 11*o - 1770. Calculate the remainder when o is divided by 27.
25
Let v(j) = -91*j + 910. What is the remainder when 1479 is divided by v(2)?
23
Let z = -4835 + 5124. What is the remainder when z is divided by 103?
83
Suppose -7*b + 9*b + 149 = 5*v, -v + 21 = 4*b. Let n(j) = j**3 - j**2 - j + 5. Let d be n(0). Suppose 4 = y - d. Calculate the remainder when v is divided by y.
2
Suppose 8 = -3*b + 5*j, -2*b - 12*j + 24 = -8*j. Calculate the remainder when 237 is divided by 43 + (10 + (-24)/b - 6).
32
Let b = -8221 + 14699. Calculate the remainder when b is divided by 19.
18
Let z(a) = 14*a**2 + 9*a - 12. Let t be z(-7). Let x = 959 - t. What is the remainder when x is divided by 70?
68
Suppose 0*r - r + 70 = 3*p, -p - 2*r + 20 = 0. Suppose -2 - p = -2*o. Let h = -2787 - -2835. What is the remainder when h is divided by o?
9
Suppose -2*n + 3*r = r - 430, -2*r = 10. Calculate the remainder when 215 is divided by n.
5
Let a = -5497 + 5810. Calculate the remainder when a is divided by 45.
43
Suppose 0 = 36*b + 662 - 1348 - 1942. What is the remainder when 523 is divided by b?
12
Let p(r) = -r**3 - 4*r**2 - 2*r - 6. Let n be p(-4). Suppose n*x - 87 = 25. Calculate the remainder when x is divided by 19.
18
Suppose 5579 = 48*k + 2134 - 3467. Suppose -a - 80 = -4*v - 2*a, -a = -4. What is the remainder when k is divided by v?
11
Let m = -218 - -320. Let x(b) = -3*b**3 + 11*b**2 - 8*b + 75. Let d be x(5). Let y = m + d. What is the remainder when 144 is divided by y?
33
Let c be -4*(-1)/12 + (-56)/(-12). Suppose -810 = -c*p + 3*l, -3*l + 8*l = 5*p - 820. What is the remainder when p is divided by 81?
78
Let n(o) = -o**3 - 4*o**2 + 5*o - 19. Let i = -68 + 98. Let c = i + -36. What is the remainder when 87 is divided by n(c)?
18
Suppose -6*d + 22141 + 93539 = 0. Calculate the remainder when d/260 + (-4)/26 is divided by 30.
14
Suppose 22*k + 31*k = 19*k + 646. Calculate the remainder when 2411 is divided by k.
17
Calculate the remainder when (-173712)/(-385) - (-1 - (-11)/5) is divided by 376.
74
Suppose g = -109 + 127. Calculate the remainder when 51 is divided by g.
15
Let z(o) = -5*o - 153. Let c be z(-31). Let j(d) = -2 - 3*d**2 - 2*d + 16*d**2 + 5*d**2. Calculate the remainder when j(c) is divided by 34.
32
What is the remainder when 348 is divided by 146/(-8)*((-1)/(-7) - 3944/952)?
56
Suppose 17*p - 2991 = 2347. Let x = 343 - p. What is the remainder when 143 is divided by x?
27
Suppose -2 = i - 2*i, 77 = 3*d - 5*i. Suppose 10*w - 17*w - 28 = 0. Calculate the remainder when ((-42)/(-3)*3)/((-3)/w) is divided by d.
27
Let n(s) = 20*s**2 - 12*s + 4. Let l be n(2). What is the remainder when 110 is divided by (21 - 20)/(1/l)?
50
Suppose 699 = 3*a - 3*u, 2*a - 5*a = 2*u - 694. What is the remainder when a is divided by ((-1004)/20 - -3)/((-40)/100)?
114
Suppose 0 = 2*j - 6, 0*l + 4*j - 236 = -4*l. Suppose 3*q - 4*q + l = 0. Calculate the remainder when q is divided by ((-20)/(-25))/(0 + 3/60).
8
Let n(h) = -h**3 + 6*h**2 - 4*h. Let x = -191 + 193. Let r(q) = 2*q**3 - 4*q + 4. What is the remainder when n(4) is divided by r(x)?
4
Calculate the remainder when 223 is divided by (728/20 - -11) + 6/10.
31
Calculate the remainder when 722 is divided by 133 - (56/(-6) - -7)/((-1)/(-3)).
22
Let x(r) = -r**2 - 11*r. Suppose -2*z = -13*z - 88. Let q = 273 + -154. Calculate the remainder when q is divided by x(z).
23
Suppose 0 = -3*p - 446 - 370. Let u = p + 479. Calculate the remainder when u is divided by 13.
12
Let t be (-6)/6 - (-23 + 2). Let p be t/(-10) + (0 - -2). Suppose -4*n - 18 + 378 = p. What is the remainder when n is divided by 31?
28
Let d(y) = 4*y + 80. Let h = -848 - -832. What is the remainder when 236 is divided by d(h)?
12
Let h(z) = z**3 + 24*z**2 + 105*z + 13. What is the remainder when h(-18) is divided by 65?
2
Let m(a) = a**3 - 16*a**2 - 6*a + 152. What is the remainder when m(16) is divided by 10?
6
Suppose 0 = 7*o - 2*o - 430. Suppose -2*h = 6*x - 4*x - o, 3*h = -4*x + 167. Suppose -724 = -3*v - 274. Calculate the remainder when v is divided by x.
36
Suppose -3*d + w = -10, -10*d - w = -9*d + 2. Suppose 4*c - 239 = 5*h, 0*h = d*c - h - 115. Calculate the remainder when c is divided by 32.
24
Let b = 2805 + -2430. Calculate the remainder when b is divided by 14.
11
Let p = -27 + 190. Let b = -161 + p. What is the remainder when b is divided by 2?
0
Let q be (-6 + -1)/(6/(-384)*4). Suppose -3*p + j = -q, -4*j - 4 = -12. What is the remainder when 109 is divided by p?
33
Let v(b) = 11852 + 11835 - 23687 + 4*b + 2*b**2. Let j = 2 + -6. What is the remainder when v(j) is divided by 15?
1
Suppose g + d + 34 = 5*g, -3*g = 4*d - 16. Suppose -g = -3*u - 2. Suppose 0 = 3*p - a - 11, -6*p + p + u*a = -17. What is the remainder when p is divided by 5?
0
Let j(l) = -l + 11. Calculate the remainder when -7 + 10 - (0 - 17*6) is divided by j(-17).
21
Let r = -4355 + 4400. What is the remainder when 269 is divided by r?
44
Calculate the remainder when ((-2690)/(-807))/(2/2832) is divided by 75.
70
Let d(c) = 3 - 8*c - 3*c**2 + 4 - 2 + 3 + 722*c**3 - 720*c**3. What is the remainder when 111 is divided by d(4)?
55
Let o(d) = 2*d**2 + 15*d + 33. Let b be o(-4). Suppose -y + 5 = -b. Calculate the remainder when 34 is divided by y.
4
Calculate the remainder when 211 is divided by (-2)/(-20) + 1167/30 + 0.
16
Suppose -4*g + 1043 = -5*z, g - 4*z - 100 = 158. Let v = -220 + g. What is the remainder when v is divided by 6*((-45)/(-6))/3?
12
Suppose 0 = 3*y + 19*s - 14*s - 1103, -3*s + 2178 = 6*y. Calculate the remainder when y is divided by 17.
4
Suppose -18 = -l + 16. Suppose -c - 4*g + 32 = -0*c, 2*c - 2*g - l = 0. Let q(r) = 18*r**2 + 2*r. What is the remainder when q(2) is divided by c?
16
Let m be -49 - (-2 + 1 - 0). Suppose -5*s - i - 92 - 35 = 0, 5*s + 5*i = -135. Let p = s - m. Calculate the remainder when p is divided by 13.
10
Let z(c) = 89*c - 112. Calculate the remainder when z(4) is divided by 237.
7
Suppose 2*r + 503 = -69. Let n be (-1)/(-3) + r/(-33). Calculate the remainder when 6/n - 28/(-21) is divided by 1.
0
Let a = -2346 - -2358. Calculate the remainder when 99 is divided by a.
3
Suppose -3 = -22*w - 2401. Let u = -89 - w. Calculate the remainder when 137 is divided by u.
17
Suppose -36*i = -37*i + 3*m + 26, -5*i + 185 = -4*m. Calculate the remainder when 390 is divided by i.
21
Suppose 5*z + r = 4246 - 1161, r - 2467 = -4*z. What is the remainder when 3718 is divided by z?
10
Suppose 37 = 2*x - i + 6*i, 0 = -5*x + 3*i + 170. Suppose 37*s = x*s - 324. Let h = -47 - s. What is the remainder when 68 is divided by h?
5
Let z = 172 + -90. Let x = 124 - z. Let a = -20 - -29. Calculate the remainder when x is divided by a.
6
Suppose -2*c - 48 = -4*n, -7*n + 36 = -4*n + 3*c. What is the remainder when 2813 is divided by n?
5
Let u(a) = 8*a**2 + 4*a - 1. Let h(w) = 3*w**2 + w + 1. Let q(r) = 2*h(r) + u(r). What is the remainder when 333 is divided by q(1)?
18
Let s(o) = 8*o**2 - 174*o + 112. Calculate the remainder when s(39) is divided by 24.
22
Suppose 20602 - 73522 = -180*b. What is the remainder when b is divided by 74?
72
Suppose 5*j - 4*j - 5 = 0. Let h(w) = 3*w - 4 + 2*w - 4 - 2*w. Calculate the remainder when h(7) is divided by j.
3
Let p(x) = x**2 - 18*x + 84. Let m be p(10). Suppose o + 2*c + 3*c - 41 = 0, m*c - 4 = 0. Calculate the remainder when o is divided by 19.
17
Let k(y) = -4*y + 56. Let a be k(12). Let z be 6/a - (-5)/(-20)*-701. Suppose -5*j + 24 = -z. Calculate the remainder when 115 is divided by j.
35
What is the remainder when 1410 + 14/2*(-240)/280 is divided by 37?
35
Let u = -8100 - -8805. What is the remainder when u is divided by 88?
1
Suppose 0 = 9*l + 44 - 71. Suppose 354 = l*k + 90. What is 